 -118933 - 6?
-118939
In base 12, what is -115 + -2?
-117
In base 8, what is 73512 - 4?
73506
In base 5, what is -24442424 + 10?
-24442414
In base 11, what is -16 + -2111?
-2127
In base 6, what is 142101225 - 2?
142101223
In base 4, what is 1 - -2032021102?
2032021103
In base 3, what is 20201021212 - -110?
20201022022
In base 6, what is -55 + 51135?
51040
In base 14, what is -26 - 44?
-6a
In base 12, what is -9417 - 4?
-941b
In base 2, what is 1011101001110 - -10?
1011101010000
In base 3, what is -10112220 + 211010?
-2201210
In base 16, what is 14 - -58d4?
58e8
In base 6, what is -214 + 25?
-145
In base 3, what is 1110102111021 + -10?
1110102111011
In base 11, what is 3 - 15a488?
-15a485
In base 7, what is 4342 + -51?
4261
In base 11, what is -5 - 8922?
-8927
In base 12, what is -19 - -646b?
6452
In base 4, what is -2102 + 231131?
223023
In base 4, what is -11 + -320031100?
-320031111
In base 4, what is -12 + 1212301?
1212223
In base 14, what is 129d01 + -8?
129cd7
In base 8, what is 7624 + -21?
7603
In base 15, what is 3ba7be - 0?
3ba7be
In base 2, what is 11110111010100111 - 10?
11110111010100101
In base 10, what is 18531 - 48?
18483
In base 7, what is -24 + -42416?
-42443
In base 16, what is -d416 + -a?
-d420
In base 9, what is 1 - 3281?
-3280
In base 11, what is -507 - -102?
-405
In base 10, what is 80 + 867?
947
In base 9, what is -18 - -74778?
74760
In base 5, what is -1 - 231044?
-231100
In base 4, what is -122011 - 3203?
-131220
In base 13, what is -26 - 63?
-89
In base 13, what is 4092 - 37?
4058
In base 9, what is -8056 + 0?
-8056
In base 10, what is 119 - -806?
925
In base 8, what is -142422 + -3?
-142425
In base 15, what is 28cc19 - -2?
28cc1b
In base 14, what is c3 + -d5b?
-c78
In base 5, what is 131 - 312114?
-311433
In base 10, what is 1 + 421546?
421547
In base 7, what is 6 + 10514?
10523
In base 12, what is -597 - 421?
-9b8
In base 15, what is 1ab - c1?
da
In base 4, what is -203213033 + -2?
-203213101
In base 12, what is -9 + -2379?
-2386
In base 5, what is 3 - 3432022?
-3432014
In base 6, what is 24 - 5443?
-5415
In base 8, what is -6017623 - -4?
-6017617
In base 2, what is 1001011 + 100111001100000?
100111010101011
In base 12, what is -3 - 69671?
-69674
In base 4, what is -1 - -10103233?
10103232
In base 5, what is -34111023 - -10?
-34111013
In base 12, what is -2 - 8797?
-8799
In base 12, what is 22 + 190?
1b2
In base 2, what is 1000011010 + -101000111?
11010011
In base 6, what is 14022 + -2245?
11333
In base 11, what is -2 + -4604?
-4606
In base 13, what is 39 - -ab26?
ab62
In base 8, what is 101 - -5070?
5171
In base 14, what is 32c2 - 2?
32c0
In base 13, what is -115 - -6?
-10c
In base 11, what is -4a + 128?
89
In base 12, what is a5 + -158?
-73
In base 5, what is -4131141 - 10?
-4131201
In base 6, what is -1444025 + 2?
-1444023
In base 2, what is 11111 - 11110001101?
-11101101110
In base 5, what is -131322 - 33?
-131410
In base 3, what is 101112102 - 12012?
101100020
In base 10, what is 14041 + -3?
14038
In base 7, what is 20 + 505621?
505641
In base 12, what is 15568b - -2?
155691
In base 16, what is d1 - 71?
60
In base 13, what is -b + 2a224?
2a216
In base 9, what is -16 - -1800?
1773
In base 9, what is 52 - -316?
368
In base 9, what is -576 + -7?
-584
In base 14, what is 108b - -21?
10ac
In base 13, what is 23902 - 4?
238cb
In base 8, what is 134171 + -3?
134166
In base 13, what is 5 - 10c94?
-10c8c
In base 5, what is -311120420 - 3?
-311120423
In base 8, what is -21 + 141533?
141512
In base 3, what is -211010 + 210?
-210100
In base 5, what is 232 - -222220?
223002
In base 14, what is -ab0 - -2c?
-a82
In base 7, what is -64 + -3664?
-4061
In base 5, what is -1 - -44144122?
44144121
In base 2, what is -11101101 - 100101010110?
-101001000011
In base 16, what is -13e8 + 5?
-13e3
In base 9, what is 0 + -32460?
-32460
In base 9, what is -4 - -48551?
48546
In base 15, what is 85 + -367d?
-35e8
In base 9, what is 10 + 51068?
51078
In base 12, what is 8557 - 4?
8553
In base 10, what is 18 - -82?
100
In base 13, what is 3 + 381a?
3820
In base 12, what is -605 - 85?
-68a
In base 6, what is 2422104 - 1?
2422103
In base 14, what is -6 + -15d2?
-15d8
In base 13, what is 9 - 2754?
-2748
In base 16, what is 8 + 2266?
226e
In base 12, what is b099 + -1?
b098
In base 3, what is 22020200010 + -11?
22020122222
In base 11, what is 5 + 80a1?
80a6
In base 8, what is 473650 + 3?
473653
In base 15, what is -51 - -6c65?
6c14
In base 8, what is -1367477 + 3?
-1367474
In base 3, what is 222020100 - 200?
222012200
In base 12, what is 28974 - -5?
28979
In base 15, what is 6 - e6e?
-e68
In base 10, what is -2 + -13963?
-13965
In base 10, what is 4 - -41644?
41648
In base 5, what is 21133022 + -11?
21133011
In base 15, what is -44cc - -16?
-44b6
In base 8, what is 1354726 + -4?
1354722
In base 16, what is 0 + 60ad?
60ad
In base 11, what is 1a034 + -10?
1a024
In base 6, what is 3215 + 10?
3225
In base 14, what is -14a3 + -6?
-14a9
In base 15, what is -34ce - 1?
-34d0
In base 2, what is -10 - -11010011001?
11010010111
In base 14, what is c - 34d0a?
-34cdc
In base 14, what is 4 + -20ca3?
-20c9d
In base 12, what is 7 - -24a0?
24a7
In base 8, what is -2171437 - 3?
-2171442
In base 15, what is 1c5d27 - 3?
1c5d24
In base 9, what is 515 + 16713?
17328
In base 13, what is 565cc - -2?
56601
In base 6, what is -22505045 + -1?
-22505050
In base 4, what is -22303 + 3120?
-13123
In base 14, what is -626dab + 1?
-626daa
In base 12, what is -51 - -9ba?
969
In base 6, what is -23 - 22200?
-22223
In base 4, what is 1 - 2303222300?
-2303222233
In base 12, what is -a + 4465?
4457
In base 15, what is 8b856 + 0?
8b856
In base 12, what is -12 - 2858?
-286a
In base 9, what is -258 + 2221?
1852
In base 8, what is 1 - 4341433?
-4341432
In base 12, what is -3687 - -3?
-3684
In base 14, what is -4 + 2380?
237a
In base 4, what is 12311 - -20?
12331
In base 15, what is 1 - -2369d?
2369e
In base 4, what is 123 + 1311212?
1312001
In base 5, what is -2112 - 3430?
-11042
In base 10, what is 62732 - 4?
62728
In base 10, what is 21245 - 3?
21242
In base 5, what is 100413410 - 3?
100413402
In base 11, what is -1 - -538a23?
538a22
In base 11, what is 1 + -219780?
-21977a
In base 5, what is -20 + -20324?
-20344
In base 16, what is -a1dc + -3?
-a1df
In base 9, what is 551725 - -1?
551726
In base 2, what is 101001010011 + 1000110?
101010011001
In base 13, what is -5 - -12773a?
127735
In base 12, what is 3 + 8616a?
86171
In base 3, what is -21001012 - -10120?
-20220122
In base 10, what is -1762 + -45?
-1807
In base 4, what is -103032 + -332?
-110030
In base 2, what is 11111 + -1000001000000?
-1000000100001
In base 7, what is -2411244 + -5?
-2411252
In base 13, what is 3 + -8889?
-8886
In base 12, what is -185 + -362?
-527
In base 16, what is 11d + b60?
c7d
In base 5, what is 32002 + -104?
31343
In base 12, what is 12 + 16094?
160a6
In base 14, what is -1589 + 15?
-1574
In base 13, what is 1698 - 4?
1694
In base 6, what is 115034 - -4?
115042
In base 2, what is 11111110 - 1010000110?
-110001000
In base 9, what is 3 + -5150?
-5146
In base 4, what is 13110 - -23010?
102120
In base 8, what is -244525 + -3?
-244530
In base 5, what is 23003114 + -22?
23003042
In base 5, what is 2034 + -12?
2022
In base 13, what is 52480 - -6?
52486
In base 7, what is -122 + -151?
-303
In base 7, what is -146014 - -44?
-145640
In base 14, what is -a8 - bb5?
-c7d
In base 4, what is 12130 + -1031330?
-1013200
In base 11, what is 4 + -262875?
-262871
In base 16, what is -7dc - 7?
-7e3
In base 5, what is 313 - -2223?
3041
In base 8, what is -7236 + 3?
-7233
In base 13, what is -1 + 22bc2?
22bc1
In base 5, what is -2 + -3243?
-3300
In base 8, what is -562263 - 5?
-562270
In base 9, what is 3430 - 3044?
375
In base 3, what is 211020221 + 121?
211021112
In base 6, what is -142005300 - 0?
-142005300
In base 12, what is -16 + -1514?
-152a
In base 11, what is 8 + 85a5?
8602
In base 3, what is -22 - -11212011002?
11212010210
In base 13, what is -4807 + 132?
-46a5
In base 15, what is 1aac5 + 45?
1ab1a
In base 7, what is 446655 + 35?
450023
In base 9, what is 2 - 1071188?
-1071186
In base 2, what is -101010001100111110011 - 10?
-101010001100111110101
In base 15, what is 0 - -1c71?
1c71
In base 14, what is -695da - 4?
-